0
In base 10, what is -1297 - 2?
-1299
In base 8, what is 4 + 163?
167
In base 2, what is 10110 + 10110?
101100
In base 10, what is -14 - 444?
-458
In base 5, what is 1211 - 1114?
42
In base 11, what is -20a + -4?
-213
In base 2, what is 11 - -1111?
10010
In base 14, what is 2b + 77?
a4
In base 10, what is 0 - 91?
-91
In base 8, what is -2434 - 1?
-2435
In base 4, what is -2 - 31111?
-31113
In base 9, what is 171 - -2?
173
In base 15, what is -14 - -c?
-7
In base 9, what is -11 + 63?
52
In base 9, what is -73 - 11?
-84
In base 7, what is 2603 - 3?
2600
In base 11, what is 2400 + 3?
2403
In base 13, what is 2 - -2?
4
In base 10, what is 3 - -54?
57
In base 15, what is 2c3c - 3?
2c39
In base 16, what is 3cc7 - 5?
3cc2
In base 3, what is 1110200 - 11?
1110112
In base 4, what is 223202 - -2?
223210
In base 12, what is -3 - -252?
24b
In base 14, what is 2 + -732?
-730
In base 14, what is -5 - 2d3?
-2d8
In base 13, what is a + 177?
184
In base 3, what is -1110 - -2?
-1101
In base 10, what is -949 - -1?
-948
In base 2, what is -11 + -10010001101?
-10010010000
In base 16, what is -58 - -4?
-54
In base 10, what is 2781 - 2?
2779
In base 10, what is -5 - -14?
9
In base 14, what is 1 - cd?
-cc
In base 5, what is 1 - 11?
-10
In base 5, what is 4 + 211340?
211344
In base 12, what is -5 + 4?
-1
In base 7, what is -1 + -1?
-2
In base 13, what is -9 - 2?
-b
In base 6, what is 2034 - 1?
2033
In base 2, what is -1001000 + -11?
-1001011
In base 7, what is 2 - -143?
145
In base 3, what is 20 - 12102?
-12012
In base 4, what is 213 - 2?
211
In base 4, what is -11013 + 11?
-11002
In base 3, what is 2010 - -10?
2020
In base 4, what is 10 + -110?
-100
In base 5, what is -14 + -202?
-221
In base 5, what is -2 + 10?
3
In base 9, what is 7373 + -3?
7370
In base 11, what is -37 - 3?
-3a
In base 9, what is 3 - -3654?
3657
In base 4, what is -1333021 - -11?
-1333010
In base 4, what is -2321 + 3?
-2312
In base 11, what is -101 - -5?
-a7
In base 16, what is -4 + -f3?
-f7
In base 11, what is -13 + -3?
-16
In base 16, what is -41 + 36?
-b
In base 3, what is 1020200 - -11?
1020211
In base 4, what is 120 - -3?
123
In base 12, what is -91b9 + -2?
-91bb
In base 5, what is -10 + 1222?
1212
In base 16, what is 10 - -18?
28
In base 9, what is -15 - 21?
-36
In base 12, what is 24 + 7?
2b
In base 14, what is 5 + -693?
-68c
In base 9, what is -2 - -354?
352
In base 14, what is 0 + 17?
17
In base 2, what is -1 + 1010110111?
1010110110
In base 9, what is -102 - -22?
-70
In base 3, what is -1012 + -11?
-1100
In base 14, what is 1 + -ab?
-aa
In base 3, what is -1011200 + 10?
-1011120
In base 2, what is 10 - 1100110111?
-1100110101
In base 9, what is 1 + -10858?
-10857
In base 9, what is 3 - 528?
-525
In base 11, what is 519 - 0?
519
In base 2, what is -11110 - 1001111?
-1101101
In base 10, what is -1 + -339?
-340
In base 8, what is -4 - -155?
151
In base 15, what is -16a - -17?
-153
In base 16, what is -1 + 90?
8f
In base 3, what is -10102212 - -11?
-10102201
In base 9, what is 30134 + -2?
30132
In base 9, what is -18 - -7?
-11
In base 3, what is 112 - -2?
121
In base 6, what is 12 + 211?
223
In base 15, what is -2 - 10d?
-110
In base 12, what is -2 + -73?
-75
In base 16, what is d7 + e?
e5
In base 3, what is -121 + -121?
-1012
In base 11, what is -2 + 3523?
3521
In base 13, what is 11b + 1?
11c
In base 12, what is -b9 - 0?
-b9
In base 6, what is 1040 - -2?
1042
In base 7, what is 131 - -10?
141
In base 9, what is 14 - -5?
20
In base 16, what is -26 - -f?
-17
In base 14, what is 21 + a?
2b
In base 7, what is 341 + -1?
340
In base 11, what is 5 + -29?
-24
In base 16, what is -28 + 3?
-25
In base 9, what is -3178 + 1?
-3177
In base 5, what is -2 - 12223?
-12230
In base 2, what is -100 + 100110011101?
100110011001
In base 12, what is -4265 + -4?
-4269
In base 11, what is -11 - -98?
87
In base 2, what is -110011 + 0?
-110011
In base 5, what is -2310400 + -3?
-2310403
In base 16, what is -6 + -4f7?
-4fd
In base 13, what is 6 + 9?
12
In base 13, what is -63 + 8?
-58
In base 6, what is 1 - 1021?
-1020
In base 4, what is -13 - -10301?
10222
In base 10, what is -34 + 4?
-30
In base 14, what is 19 - -46?
61
In base 16, what is 913 + -3?
910
In base 7, what is -4 - 246?
-253
In base 9, what is 8 - 4217?
-4208
In base 13, what is 17 - -2?
19
In base 2, what is -1 - 11010?
-11011
In base 14, what is 1 - b27?
-b26
In base 13, what is 6 + 120?
126
In base 7, what is 250 - -5?
255
In base 6, what is 23100 - -5?
23105
In base 14, what is -7 - 12?
-19
In base 7, what is 622 + -2?
620
In base 12, what is -4 - -709?
705
In base 7, what is 2 - -1102?
1104
In base 6, what is 1222204 - -3?
1222211
In base 15, what is b4 - -e?
c3
In base 16, what is 5 - -81?
86
In base 10, what is 4 - 15?
-11
In base 16, what is -715 - -4?
-711
In base 6, what is -4114 - 5?
-4123
In base 13, what is 9 - 915?
-909
In base 14, what is -10 - 372?
-382
In base 13, what is 2 - a2?
-a0
In base 10, what is 4 - -59?
63
In base 2, what is 1 + 100100100?
100100101
In base 7, what is 2 + 1633?
1635
In base 12, what is 2 + 11?
13
In base 10, what is 36 + 394?
430
In base 9, what is -68 + 0?
-68
In base 16, what is 3 + 326?
329
In base 12, what is -4b + 5?
-46
In base 12, what is 14a + 3?
151
In base 10, what is 1124 + -4?
1120
In base 4, what is 11001 - 2?
10333
In base 9, what is 11 + 6?
17
In base 12, what is 114 - -20?
134
In base 5, what is -11 - -1?
-10
In base 3, what is -11211 - 10?
-11221
In base 2, what is 101100111100 - 1010?
101100110010
In base 8, what is 2 + 42?
44
In base 11, what is -2 + -268?
-26a
In base 7, what is 1 + -231?
-230
In base 13, what is -1a + 11?
-9
In base 10, what is 15 - 21?
-6
In base 7, what is 2223 - 60?
2133
In base 12, what is 1 - 22?
-21
In base 2, what is 11 + -1000101001?
-1000100110
In base 8, what is 2 + -44?
-42
In base 6, what is 401 - 2?
355
In base 10, what is 2639 + 1?
2640
In base 3, what is -211 + -10?
-221
In base 7, what is -16 + -40?
-56
In base 16, what is -af + -6?
-b5
In base 4, what is 22213 + 11?
22230
In base 15, what is -2841 + 1?
-2840
In base 5, what is 1 - 1310?
-1304
In base 7, what is -12 + -5400?
-5412
In base 4, what is 312 - -10?
322
In base 3, what is -10 - 2000?
-2010
In base 14, what is 53 - 11?
42
In base 16, what is 50 + 28?
78
In base 7, what is -3 - -146?
143
In base 11, what is 28949 - -3?
28951
In base 2, what is 11100000101110 - -101?
11100000110011
In base 5, what is -1422 + 10?
-1412
In base 15, what is -1c94 - 0?
-1c94
In base 13, what is -147 - -5?
-142
In base 15, what is -3 + -73?
-76
In base 11, what is 4 - 235?
-231
In base 6, what is -5 + 15?
10
In base 8, what is -3 + 751?
746
In base 6, what is 4 + -223?
-215
In base 15, what is 4 - -1b?
20
In base 7, what is -20 - 546?
-566
In base 15, what is -590 - 1?
-591
In base 9, what is -7 + -3084?
-3102
In base 10, what is -73 - 9?
-82
In base 4, what is 1 + -230?
-223
In base 9, what is -24 + -17?
-42
In base 11, what is -631 + 11?
-620
In base 5, what is -302003 + 4?
-301444
In base 16, what is b9 + -3?
b6
In base 13, what is -4 + -bca?
-c01
In base 5, what is 4 + 300110?
300114
In base 14, what is -10 - -2?
-c
In base 3, what is -1100211 + -11?
-1100222
In base 5, what is -112 - 4?
-121
In base 5, what is 130 + 3?
133
In base 14, what is 2c4 + 4?
2c8
In base 16, what is 1a - 1?
19
In base 5, what is 0 + -31?
-31
In base 12, what is 2422 - 0?
2422
In base 6, what is 553 - -44?
1041
In base 6, what is -3 - 50?
-53
In base 10, what is 7 + -161?
-154
In base 6, what is 40 - 12?
24
In base 11, what is 4 - -384?
388
In base 8, what is -164 + 33?
-131
In base 16, what is cd + -e?
bf
In base 3, what is 0 - 21?
-21
In base 5, what is 4243 - -4?
4302
In base 6, what is -145 - 10?
-155
In base 3, what is 10 - 121212?
-121202
In base 10, what is 301 + 19?
320
In base 8, what is -1 - -572?
571
In base 11, what is -45 + 5?
-40
In base 12, what is -155 + 4?
-151
In base 15, what is 9e - 3?
9b
In base 2, what is -1 + 1010100001111?
1010100001110
In base 3, what is 1100 - -21?
1121
In base 16, what is -38 + -1?
-39
In base 7, what is -21 + -1634?
-1655
In base 9, what is -3 + -11?
-14
In base 13, what is 85 + -5?
80
In base 3, what is -101122020 + -12?
-101122102
In base 13, what is a - -169?
176
In base 7, what is -51 + -